what is 0 + -1800732?
-1800732
In base 12, what is -aa408 + 1?
-aa407
In base 12, what is 6279 - 16?
6263
In base 11, what is -12a + -18?
-147
In base 9, what is 2046 + 2023?
4070
In base 11, what is -83181 + -5?
-83186
In base 10, what is -155658 + 6?
-155652
In base 10, what is -12 + 3368?
3356
In base 6, what is -45 - -13532?
13443
In base 9, what is -157 - -1020?
752
In base 12, what is 3 - -323133?
323136
In base 10, what is 397 - 10925?
-10528
In base 9, what is 728 + 107?
836
In base 11, what is -15a + 320?
171
In base 11, what is -2 + -1413a?
-14141
In base 9, what is -34227 - -7?
-34220
In base 4, what is -1012 - -3132303?
3131231
In base 4, what is 210122132 + 0?
210122132
In base 9, what is -25 + -17614?
-17640
In base 14, what is d + -43a?
-42b
In base 6, what is 32225 - 1041?
31144
In base 16, what is -1f + -42?
-61
In base 11, what is -6 + -18665a?
-186665
In base 13, what is -82b - 14?
-842
In base 12, what is -40 + -417?
-457
In base 10, what is 7583 + -512?
7071
In base 14, what is -ca + 371?
285
In base 5, what is -43412133 - -30?
-43412103
In base 13, what is -15 - 1315?
-132a
In base 12, what is -5581b + -5?
-55824
In base 13, what is 19a + 139?
306
In base 15, what is 95a - 62?
8e8
In base 3, what is -2002211011 - -2?
-2002211002
In base 13, what is -8b - 1949?
-1a07
In base 3, what is -2111001012 + -11?
-2111001100
In base 2, what is -110011101001011 + -10?
-110011101001101
In base 2, what is 111001010011011100 + -11?
111001010011011001
In base 10, what is 758672 - 1?
758671
In base 13, what is a4b + -127?
924
In base 10, what is -4 - -3940?
3936
In base 7, what is -1404 - -10105?
5401
In base 10, what is -13 - -98952?
98939
In base 3, what is -121112011 + -22110?
-121211121
In base 11, what is -72 + -3?
-75
In base 10, what is 1005 + -51?
954
In base 11, what is 149 - -186a?
1a08
In base 11, what is -19 - -14237?
14219
In base 6, what is -2 + 130425?
130423
In base 13, what is 33728 + 2?
3372a
In base 6, what is 10151 - 2241?
3510
In base 7, what is 1335343 - 4?
1335336
In base 10, what is -16 - -57293?
57277
In base 6, what is 2351 + 2014?
4405
In base 13, what is 70 + -1888?
-1818
In base 12, what is 13 + 506?
519
In base 4, what is -2112320 + -20?
-2113000
In base 12, what is -b0a9a0 - -4?
-b0a998
In base 3, what is -112110221 + 22111?
-112011110
In base 14, what is 4c9204 + -2?
4c9202
In base 12, what is 2bb78 + -5?
2bb73
In base 12, what is -13a8 - -70?
-1338
In base 3, what is 1020121 + 20012?
1110210
In base 10, what is -82177 - 7?
-82184
In base 12, what is -136b36 + 7?
-136b2b
In base 4, what is 10 - -33333330?
100000000
In base 5, what is -43 + 114222?
114124
In base 4, what is -10232 - 1213?
-12111
In base 11, what is 4 + 10007?
10010
In base 9, what is -288081 + -8?
-288100
In base 7, what is 21 + -15662?
-15641
In base 7, what is -5300 - -2625?
-2342
In base 7, what is -3 - -141301?
141265
In base 7, what is 6314 - -2046?
11363
In base 10, what is 119 - -12545?
12664
In base 2, what is -100 - 11111111101101?
-11111111110001
In base 3, what is 1 - 102202101221?
-102202101220
In base 14, what is -380aa - 3c?
-38108
In base 5, what is -20 - -143214?
143144
In base 4, what is -2 + 1311000?
1310332
In base 16, what is 0 + -14f61?
-14f61
In base 11, what is -847a - 0?
-847a
In base 10, what is -5 + -266638?
-266643
In base 7, what is 6 + -2240264?
-2240255
In base 13, what is -426685 - -4?
-426681
In base 9, what is 10 - 2060?
-2050
In base 13, what is 19c98 - -19?
19cb4
In base 9, what is 138 - -464?
613
In base 3, what is 2122 - -2000220?
2010112
In base 8, what is 30301 + 120?
30421
In base 7, what is 3 - 62524?
-62521
In base 14, what is 3 + 3b1c4?
3b1c7
In base 12, what is 8 + b13?
b1b
In base 2, what is -10 + -1101011110001?
-1101011110011
In base 2, what is 0 - -10000101001100?
10000101001100
In base 15, what is -3b + -b96?
-bd2
In base 5, what is 1 + 3314311?
3314312
In base 8, what is 122 - -101?
223
In base 16, what is -e - 48959?
-48967
In base 2, what is 110110 - -11100101011?
11101100001
In base 13, what is 3 - -120c1?
120c4
In base 6, what is 152 + 2305?
2501
In base 14, what is 93a + 40?
97a
In base 13, what is -408b72 + 0?
-408b72
In base 15, what is 5237d + -5?
52378
In base 9, what is -365253 - 5?
-365258
In base 8, what is -601 + 437?
-142
In base 13, what is b97 + -860?
337
In base 5, what is 2 + 21202113?
21202120
In base 12, what is -1 + -34a78?
-34a79
In base 9, what is -2 + -46412?
-46414
In base 11, what is 3 + 590aa?
59102
In base 5, what is -13423 + -20?
-13443
In base 14, what is 17 - 2037a?
-20363
In base 14, what is -5281 + 1a?
-5265
In base 4, what is 2331 - 231?
2100
In base 7, what is -1210 + -36?
-1246
In base 3, what is 2021 + 121?
2212
In base 9, what is 48 - -216?
265
In base 7, what is -11 - -5232?
5221
In base 4, what is -21 + 22232231?
22232210
In base 12, what is 1325 - -27b?
15a4
In base 5, what is 111144 + 22042?
133241
In base 16, what is -b - -4a5?
49a
In base 14, what is 2c7d80 - 5?
2c7d79
In base 6, what is -131225 - -2?
-131223
In base 10, what is 3 + -17087?
-17084
In base 14, what is -2b - -343?
316
In base 2, what is -101001000 - 11111011001?
-100100100001
In base 8, what is 23662 - 20?
23642
In base 4, what is 3200302300 - 0?
3200302300
In base 6, what is 3 + 124054?
124101
In base 6, what is -1222 - 122?
-1344
In base 15, what is 316 - 505?
-1de
In base 8, what is -230214 + -44?
-230260
In base 5, what is -1232002122 - 3?
-1232002130
In base 10, what is 319 - 120?
199
In base 9, what is 6107 - -8?
6116
In base 4, what is 30 - 232133?
-232103
In base 15, what is -a - 629?
-634
In base 10, what is -37 - -8654?
8617
In base 11, what is 171895 - -6?
1718a0
In base 11, what is 792a9 - -4?
79302
In base 7, what is 100240 + 1?
100241
In base 8, what is -3316755 - -4?
-3316751
In base 14, what is -16 + -bb79?
-bb91
In base 6, what is -242024 - -15?
-242005
In base 14, what is 0 - -34585?
34585
In base 6, what is 15301 - 0?
15301
In base 10, what is -5 - 425695?
-425700
In base 15, what is -1d6 - -3?
-1d3
In base 13, what is 124b + 35?
1283
In base 15, what is 5 + -d13?
-d0d
In base 8, what is -33 + 313?
260
In base 7, what is 446525 - 1?
446524
In base 11, what is -54 - 9066?
-910a
In base 5, what is 33222224 - 10?
33222214
In base 6, what is -20 - 234021?
-234041
In base 15, what is b772 + -4?
b76d
In base 14, what is 3c531 + 3?
3c534
In base 4, what is -12200301 + -1?
-12200302
In base 7, what is -312526 + 5?
-312521
In base 13, what is a2 + 2780?
2852
In base 14, what is -8899 - -1?
-8898
In base 5, what is 1410141 - 4?
1410132
In base 9, what is 23 - -3368?
3402
In base 3, what is -21011222201 + -12?
-21011222220
In base 3, what is 1011 + 10221002?
10222020
In base 16, what is -19f - 1ad3?
-1c72
In base 15, what is -74 + d5?
61
In base 3, what is -10002211 + 1002?
-10001202
In base 9, what is -56 - 306?
-363
In base 5, what is -402 + 3000?
2043
In base 14, what is -9a - -339?
27d
In base 9, what is 57 - -8075?
8143
In base 11, what is 49619 + -5?
49614
In base 11, what is 0 - 3585?
-3585
In base 9, what is 2 + -26202?
-26200
In base 15, what is c144 + b?
c150
In base 13, what is 2a246 + -4?
2a242
In base 3, what is 2202221 - 11212?
2121002
In base 9, what is 501 - -2421?
3022
In base 2, what is -1111010000 - -1001101001?
-101100111
In base 5, what is -2231 + 34?
-2142
In base 5, what is 1242 - -3401?
10143
In base 12, what is -45 - -11765?
11720
In base 5, what is -1 - -101101114?
101101113
In base 3, what is -2101 - 2020?
-11121
In base 16, what is 1c + 359?
375
In base 5, what is 1 - 121222?
-121221
In base 6, what is -1114045 + 1?
-1114044
In base 8, what is 47405 + -3?
47402
In base 12, what is 41b - -69?
488
In base 6, what is 1023 - 115?
504
In base 8, what is 12 + 6572?
6604
In base 8, what is -7713230 + 5?
-7713223
In base 6, what is 11303553 + -1?
11303552
In base 16, what is -3 - 78b9?
-78bc
In base 11, what is -5 - -2091?
2087
In base 8, what is 32566555 - 2?
32566553
In base 2, what is -101 + -1001101010010000000?
-1001101010010000101
In base 3, what is -1110 - 20202?
-22012
In base 12, what is -2 - 7aa4?
-7aa6
In base 13, what is 638393 - 0?
638393
In base 9, what is -10 - 8630?
-8640
In base 4, what is 11 + -1300212300?
-1300212223
In base 16, wha